{"id":113,"date":"2024-10-10T11:23:56","date_gmt":"2024-10-10T11:23:56","guid":{"rendered":"https:\/\/xn--familielgerne9700-yrb.dk\/?page_id=113"},"modified":"2026-04-15T10:23:36","modified_gmt":"2026-04-15T10:23:36","slug":"forside-2","status":"publish","type":"page","link":"https:\/\/xn--familielgerne9700-yrb.dk\/","title":{"rendered":"Forside"},"content":{"rendered":"\t\t<div data-elementor-type=\"wp-page\" data-elementor-id=\"113\" class=\"elementor elementor-113\" data-elementor-post-type=\"page\">\n\t\t\t\t<div class=\"elementor-element elementor-element-719b0f9 e-flex e-con-boxed e-con e-parent\" data-id=\"719b0f9\" data-element_type=\"container\" data-e-type=\"container\" data-settings=\"{&quot;background_background&quot;:&quot;classic&quot;}\">\n\t\t\t\t\t<div class=\"e-con-inner\">\n\t\t\t\t<div class=\"elementor-element elementor-element-64070df elementor-widget elementor-widget-heading\" data-id=\"64070df\" data-element_type=\"widget\" data-e-type=\"widget\" data-widget_type=\"heading.default\">\n\t\t\t\t<div class=\"elementor-widget-container\">\n\t\t\t\t\t<h2 class=\"elementor-heading-title elementor-size-default\">Familiel\u00e6gerne i Br\u00f8nderslev<\/h2>\t\t\t\t<\/div>\n\t\t\t\t<\/div>\n\t\t\t\t\t<\/div>\n\t\t\t\t<\/div>\n\t\t<div class=\"elementor-element elementor-element-6fab561 e-flex e-con-boxed e-con e-parent\" data-id=\"6fab561\" data-element_type=\"container\" data-e-type=\"container\">\n\t\t\t\t\t<div class=\"e-con-inner\">\n\t\t\t\t<div class=\"elementor-element elementor-element-5c74782 elementor-widget elementor-widget-text-editor\" data-id=\"5c74782\" data-element_type=\"widget\" data-e-type=\"widget\" data-widget_type=\"text-editor.default\">\n\t\t\t\t<div class=\"elementor-widget-container\">\n\t\t\t\t\t\t\t\t\t<p><strong>Om os&#8230;<\/strong><br \/>Vi er en l\u00e6geklinik, der prioriterer kontinuitet, n\u00e6rhed og tryghed. Vores m\u00e5ls\u00e6tning er at skabe en tillidsfuld og personlig relation til vores patienter, s\u00e5 vi derigennem kan tilbyde den bedst mulige behandling.<\/p><p>Klinikken har en m\u00e5ls\u00e6tning om at arbejde ud fra\u00a0 g\u00e6ldende faglige anbefalinger, dog altid tilpasset den enkelte patient. Hos os bliver du m\u00f8dt af et engageret personale, som prioriterer dit helbred.<\/p><p>Vi ser frem til at byde dig velkommen hos Familiel\u00e6gerne i Br\u00f8nderslev.<\/p>\t\t\t\t\t\t\t\t<\/div>\n\t\t\t\t<\/div>\n\t\t\t\t<div class=\"elementor-element elementor-element-4f596b7 elementor-widget elementor-widget-text-editor\" data-id=\"4f596b7\" data-element_type=\"widget\" data-e-type=\"widget\" data-widget_type=\"text-editor.default\">\n\t\t\t\t<div class=\"elementor-widget-container\">\n\t\t\t\t\t\t\t\t\t<p><strong>\u00c5bningstider for konsultation<\/strong><br \/>Mandag 07:45-16:00<br \/>Tirsdag 07:45-17:00<br \/>Onsdag 07:45-16:00<br \/>Torsdag 07:45-16:00<br \/>Fredag 07:45-16:00<\/p><p><b>Telefontid &#8211; <a href=\"tel:98800777\">98 80 07 77<\/a><\/b><br \/>Sekretariat: 08:00-12:00<br \/>Ved akut sygdom: 08:00-16:00<\/p><p>Telefonkonsultation med l\u00e6ge er efter aftale med sekretariatet og tilbydes samme dag<\/p><p><span style=\"text-align: var(--text-align); font-size: 1rem;\">Ved uops\u00e6tteligt behov for kontakt til l\u00e6ge efter klokken 16:00 kan man kontakte L\u00e6gevagten p\u00e5<a href=\"tel:70150300\" target=\"_blank\" rel=\"noopener\"> 70 150 300<\/a><\/span><\/p>\t\t\t\t\t\t\t\t<\/div>\n\t\t\t\t<\/div>\n\t\t\t\t<div class=\"elementor-element elementor-element-a4bfef2 elementor-widget elementor-widget-text-editor\" data-id=\"a4bfef2\" data-element_type=\"widget\" data-e-type=\"widget\" data-widget_type=\"text-editor.default\">\n\t\t\t\t<div class=\"elementor-widget-container\">\n\t\t\t\t\t\t\t\t\t<p><strong>Tidsbestilling<\/strong><br>Tidsbestilling kan foretages via <a href=\"https:\/\/minlaegeapp.dk\/\" target=\"_blank\" rel=\"noopener\">MinL\u00e6ge<\/a> app&#8217;en, <a href=\"https:\/\/patientportal.egclinea.com\/?id=1382\" target=\"_blank\" rel=\"noopener\">Patientportalen<\/a> eller telefonisk mellem 08:00-12:00<\/p>\n<p>V\u00e6r opm\u00e6rksom p\u00e5, at det kun er en begr\u00e6nset del af vores tider der er afsat til onlinebestilling. Hvis du oplever lang ventetid ved selvbooking, kan du ofte f\u00e5 en hurtigere tid ved at kontakte os telefonisk. Der er visse typer konsultationer der ikke kan selvbookes, dette skyldes at der til disse konsultationer afs\u00e6ttes ekstra tid.<\/p>\n<p><b>Klinikken har lukket for tilgang<\/b><br>Der vil med mellemrum v\u00e6re \u00e5ben for tilgang, se borger.dk.&nbsp;<\/p>\t\t\t\t\t\t\t\t<\/div>\n\t\t\t\t<\/div>\n\t\t\t\t<div class=\"elementor-element elementor-element-d3a6b9b elementor-widget elementor-widget-text-editor\" data-id=\"d3a6b9b\" data-element_type=\"widget\" data-e-type=\"widget\" data-widget_type=\"text-editor.default\">\n\t\t\t\t<div class=\"elementor-widget-container\">\n\t\t\t\t\t\t\t\t\t<p><strong>Receptfornyelse<\/strong><br \/>Anmodning om receptfornyelse kan foretages via <a href=\"https:\/\/minlaegeapp.dk\/\" target=\"_blank\" rel=\"noopener\">MinL\u00e6ge<\/a> app&#8217;en, <a href=\"https:\/\/patientportal.egclinea.com\/?id=1382\" target=\"_blank\" rel=\"noopener\">Patientportalen<\/a>\u00a0eller telefonisk i tidsrummet 08:00-12:00.<\/p><p>Foresp\u00f8rgsler om receptfornyelse via e-konsultation vil blive afvist.<\/p><p>Receptfornyelse af vanedannede eller central-stimulerende medicin kan udelukkende ske ved fysisk fremm\u00f8de.<\/p><p>Det meste medicin kr\u00e6ver regelm\u00e6ssige kontroller. F\u00f8lger man ikke disse kontroller, kan vi ikke tage ansvar for behandlingen &#8211; og har man i l\u00e6ngere tid ikke fulgt opfordring om kontrol, vil man kunne opleve at receptfornyelse afvises.<\/p>\t\t\t\t\t\t\t\t<\/div>\n\t\t\t\t<\/div>\n\t\t\t\t<div class=\"elementor-element elementor-element-c428d58 elementor-widget elementor-widget-text-editor\" data-id=\"c428d58\" data-element_type=\"widget\" data-e-type=\"widget\" data-widget_type=\"text-editor.default\">\n\t\t\t\t<div class=\"elementor-widget-container\">\n\t\t\t\t\t\t\t\t\t<p><b>Vagtring<br \/><\/b>Vi har et vagtsamarbejde med L\u00e6gerne Torvet. Det betyder at vi skiftevis passer akuttelefonen for hinanden efter kl. 13:00 (12:00 p\u00e5 fredage). Vi d\u00e6kker for hinanden under ferier eller andet frav\u00e6r. L\u00e6gerne Torvet har adressen Torvet 6, 9700 Br\u00f8nderslev. Uanset om vi har akutvagten, skal du altid f\u00f8rst ringe p\u00e5 vores telefonnummer hvor du vil blive vejledt videre. <a href=\"https:\/\/maps.app.goo.gl\/fuhDkFbFrp9hacwH8\" target=\"_blank\" rel=\"noopener\">Klink her for at se rutevejledning til L\u00e6gerne Torvet<\/a>.<\/p>\t\t\t\t\t\t\t\t<\/div>\n\t\t\t\t<\/div>\n\t\t\t\t<div class=\"elementor-element elementor-element-a26229a elementor-widget elementor-widget-text-editor\" data-id=\"a26229a\" data-element_type=\"widget\" data-e-type=\"widget\" data-widget_type=\"text-editor.default\">\n\t\t\t\t<div class=\"elementor-widget-container\">\n\t\t\t\t\t\t\t\t\t<p><strong>Afh\u00e6ngighedsskabende medicin<\/strong><br \/>Vi arbejder ud fra g\u00e6ldende regler og faglige anbefalinger for behandling og kontrol med afh\u00e6ngighedsskabende medicin, herunder morfin-pr\u00e6parater, beroligende medicin (herunder &#8220;sovepiller&#8221;), ADHD medicin og lignende. Receptfornyelse af disse pr\u00e6parater kan udelukkende ske ved fysisk fremm\u00f8de.\u00a0 Vores overordnede princip er at morfin ikke har nogen plads i behandlingen af kroniske smerter i bev\u00e6geapparatet, og at den type behandling som udgangspunkt skal udtrappes. Vi har i et samarbejde med patienten stor succes med at udtrappe morfinbehandling, selv efter mange \u00e5rs behandling, dette til stor gavn for patienten.<\/p>\t\t\t\t\t\t\t\t<\/div>\n\t\t\t\t<\/div>\n\t\t\t\t<div class=\"elementor-element elementor-element-2fa04fa elementor-widget elementor-widget-text-editor\" data-id=\"2fa04fa\" data-element_type=\"widget\" data-e-type=\"widget\" data-widget_type=\"text-editor.default\">\n\t\t\t\t<div class=\"elementor-widget-container\">\n\t\t\t\t\t\t\t\t\t<p><strong>Rejsevaccination<\/strong><br \/>Vi tilbyder rejsevaccination for b\u00e5de egne patienter og patienter uden tilknytning til klinikken. Rejsevaccination og r\u00e5dgivning herom er ikke d\u00e6kket af sygesikringen, og man skal derfor selv betale for dette. Bem\u00e6rk at Sygesikring Danmark ofte giver et relativt stort tilskud til prisen for vaccinerene. Vi s\u00e6lger vaccinerne til n\u00e6r indk\u00f8bspris og tager prim\u00e6rt betaling for selv konsultationen. Du kan se vores priser <a href=\"https:\/\/xn--familielgerne9700-yrb.dk\/priser\/\">her<\/a>. Al aftale om rejsevaccination foreg\u00e5r via sekretariatet og kan ikke bookes online.<\/p><p><strong>Influenza\/COVID Vaccination<\/strong><br \/>Danske Regioner har ikke \u00f8nsket at de praktiserende skal kunne tilbyde vaccination mod influenza\/COVID. \u00d8nsker du vaccination mod influenza\/covid skal du derfor g\u00e5 til <a href=\"http:\/\/vacciner.dk\">vacciner.dk<\/a><\/p>\t\t\t\t\t\t\t\t<\/div>\n\t\t\t\t<\/div>\n\t\t\t\t\t<\/div>\n\t\t\t\t<\/div>\n\t\t\t\t<\/div>\n\t\t","protected":false},"excerpt":{"rendered":"<p>Familiel\u00e6gerne i Br\u00f8nderslev Om os&#8230;Vi er en l\u00e6geklinik, der prioriterer kontinuitet, n\u00e6rhed og tryghed. Vores m\u00e5ls\u00e6tning er at skabe en tillidsfuld og personlig relation til vores patienter, s\u00e5 vi derigennem kan tilbyde den bedst mulige behandling. Klinikken har en m\u00e5ls\u00e6tning om at arbejde ud fra\u00a0 g\u00e6ldende faglige anbefalinger, dog altid tilpasset den enkelte patient. Hos [&hellip;]<\/p>\n","protected":false},"author":1,"featured_media":0,"parent":0,"menu_order":0,"comment_status":"closed","ping_status":"closed","template":"","meta":{"footnotes":""},"class_list":["post-113","page","type-page","status-publish","hentry"],"_links":{"self":[{"href":"https:\/\/xn--familielgerne9700-yrb.dk\/index.php?rest_route=\/wp\/v2\/pages\/113","targetHints":{"allow":["GET"]}}],"collection":[{"href":"https:\/\/xn--familielgerne9700-yrb.dk\/index.php?rest_route=\/wp\/v2\/pages"}],"about":[{"href":"https:\/\/xn--familielgerne9700-yrb.dk\/index.php?rest_route=\/wp\/v2\/types\/page"}],"author":[{"embeddable":true,"href":"https:\/\/xn--familielgerne9700-yrb.dk\/index.php?rest_route=\/wp\/v2\/users\/1"}],"replies":[{"embeddable":true,"href":"https:\/\/xn--familielgerne9700-yrb.dk\/index.php?rest_route=%2Fwp%2Fv2%2Fcomments&post=113"}],"version-history":[{"count":194,"href":"https:\/\/xn--familielgerne9700-yrb.dk\/index.php?rest_route=\/wp\/v2\/pages\/113\/revisions"}],"predecessor-version":[{"id":938,"href":"https:\/\/xn--familielgerne9700-yrb.dk\/index.php?rest_route=\/wp\/v2\/pages\/113\/revisions\/938"}],"wp:attachment":[{"href":"https:\/\/xn--familielgerne9700-yrb.dk\/index.php?rest_route=%2Fwp%2Fv2%2Fmedia&parent=113"}],"curies":[{"name":"wp","href":"https:\/\/api.w.org\/{rel}","templated":true}]}}